t are the prime factors of l(q)?
3
List the prime factors of 20/3*(-6)/(-24)*6.
2, 5
Let g = -14 + -41. Let i = g - -57. List the prime factors of i.
2
List the prime factors of -16*(-248)/16 - -4.
2, 3, 7
Let a be 640/11 + (-8)/44. Suppose 4*h = 0, -2*v + h + a = -3*h. What are the prime factors of v?
29
Let l(k) = -k**3 - 9*k**2 - 15*k - 6. Let m be l(-8). Let b be (-15)/(-2)*(11 + -1). Let x = b - m. What are the prime factors of x?
5
Suppose -21*w + 25*w = 2*p - 2236, -5*p - 2*w + 5578 = 0. What are the prime factors of p?
2, 3, 31
Let o = -212 + 95. Let t = 205 + o. Suppose -2*q + t = 2*q. What are the prime factors of q?
2, 11
Let n be (-4)/14 + 144/63. Suppose 1302 = 12*i + n*i. List the prime factors of i.
3, 31
List the prime factors of (-2)/(-7)*-1 + 36168/462.
2, 3, 13
Let v = 853 - 405. What are the prime factors of v?
2, 7
Let p(j) = -2*j**3 + 22*j**2 - 19*j - 10. List the prime factors of p(9).
11, 13
Suppose 0 = 6*h - 20725 + 5653. List the prime factors of h.
2, 157
Suppose 56*l - 32*l - 51072 = 0. What are the prime factors of l?
2, 7, 19
Let o(n) = 3*n**2 + 5*n - 7. Suppose -4*u + 17 = -3*s, 3*s + s + 6 = 2*u. Suppose -5*j + 15 = y, u*y + 1 = -5*j - 4. List the prime factors of o(y).
43
Let k(y) be the second derivative of y**5/20 + 4*y**4/3 - y**3/2 + 10*y**2 + 6*y. List the prime factors of k(-16).
2, 17
Let l = -44 + 46. Suppose -3*g + 233 + 482 = -l*f, g = -4*f + 243. What are the prime factors of g?
239
Let b(j) = 5*j**3 - 11*j**2 - 40*j + 15. What are the prime factors of b(7)?
911
Suppose 4*y = -o - 18, -2*y = -4*o + o + 16. Suppose 5*k = o*h + 75, -3 = -k + 5*h + 12. List the prime factors of k.
3, 5
Let k = 57 + 117. Suppose -4*t + k = 2*b, -b + 3*t + 81 = 2*t. List the prime factors of b.
83
Suppose 6*k + 53 = -175. Let g = 83 + k. List the prime factors of g.
3, 5
Let f be 1/(-4) + (-36)/(-16). Let j = -2 + f. Suppose j*r + r - 2*b - 14 = 0, -5*r = 3*b - 83. List the prime factors of r.
2
Suppose -12627 = -10*n + 16303. List the prime factors of n.
11, 263
Let a be (-4 - -1)*-1 - -1. Suppose -3*t + c - 12 = -245, -a*t - 2*c = -294. What are the prime factors of t?
2, 19
Let a(w) = -w**3 - w. Let k be a(3). List the prime factors of 130/4*(-48)/k.
2, 13
Let x(c) = 11*c - 58. Let t(l) = -6*l + 29. Let d(o) = -5*t(o) - 2*x(o). What are the prime factors of d(9)?
43
Suppose -3156 - 13584 = -9*k. List the prime factors of k.
2, 3, 5, 31
Let w be (4/10)/((-2)/(-460)). Suppose 22 = -5*j + w. Let s = j - -1. What are the prime factors of s?
3, 5
List the prime factors of (4/3)/(12/14598).
2, 811
Let v(r) = -19*r + 70. List the prime factors of v(-10).
2, 5, 13
Let z(n) = -14*n**3 - n**2 + n + 1. Let y be z(1). Let t = 31 + y. What are the prime factors of t?
2, 3
Suppose 10182 = 5*u - 2*s, 2*u - 3*u + 4*s = -2040. What are the prime factors of u?
2, 509
Let r be (3 - 7)/((-2)/1). Let c(a) = 6*a**3 - 2*a**2 + 2*a + 2. List the prime factors of c(r).
2, 23
Let h(w) = w**3 + 4*w**2 - 10*w - 3. Let v(c) = c**3 + 3*c**2 - 9*c - 4. Suppose 4*b - 3 = 5. Let g(u) = b*v(u) - 3*h(u). What are the prime factors of g(-8)?
3, 11
Let i(u) = 0*u - 1 + 4*u - 8*u**2 - u - u. Let k be i(-2). Let l = 53 + k. What are the prime factors of l?
2
Let t = -949 + 1600. What are the prime factors of t?
3, 7, 31
Let s be (-55)/20*(3/1 + 1). Let a = s + 78. List the prime factors of a.
67
Suppose 5*k + 2*a - 716 = -2*a, 0 = -3*k + 4*a + 436. Let l = 211 - k. List the prime factors of l.
67
Let z = 63 + -105. List the prime factors of (-240)/z - 6 - 184/(-7).
2, 13
Suppose 3*d - 131 = -2*t + 1131, 0 = 5*d + 2*t - 2102. List the prime factors of d.
2, 3, 5, 7
Let g(c) be the third derivative of 2*c**5/15 - 11*c**2. List the prime factors of g(-1).
2
Suppose 19*l - 30*l = -1111. What are the prime factors of l?
101
Let n = -3 + 123. Let u = n + 16. What are the prime factors of u?
2, 17
Let k(s) = -s**3 + s**2 - s + 3. Let g be k(0). Let h be 25/(10/(-2)) + (4 - 2). What are the prime factors of -3 + g/h*-66?
3, 7
Let u = -31 + 24. Let p(a) = a**3 + 6*a**2 - 6*a + 16. Let g be p(u). What are the prime factors of (-6)/g - (-228)/18?
2, 3
List the prime factors of 35/105 + 11674/6 + 2.
2, 487
Let p(r) = r**2 + 3*r + 2. Suppose z - 4 = -5. Let s be p(z). Suppose v = -s*v + 23. What are the prime factors of v?
23
Suppose -3*h - x + 2446 = 0, -h + 9*x = 6*x - 802. List the prime factors of h.
2, 11, 37
Let z = 38 - -52. Suppose -3*f + 8*f = z. List the prime factors of f.
2, 3
Let c = 93 + -171. Let q be (1/(-2))/(13/c). Let g(u) = 3*u**2 + 2*u - 3. List the prime factors of g(q).
2, 3, 5
Suppose -r = -s - 4*r, 0 = -4*r - 8. Suppose -s*h = -0*h - 12. Suppose -37 - 58 = -5*g - 3*w, w + 27 = h*g. What are the prime factors of g?
2
Let v be ((-39)/9 - (-4 + 0))*-9. Suppose -4*o = -3*g - 1319, -2*o - 2*g + 659 = -v*g. List the prime factors of o.
7, 47
Suppose -174481 = -31*x - 5810. What are the prime factors of x?
5441
What are the prime factors of (-4)/(-16) - 6238/(-8)?
2, 3, 5, 13
Let u(y) be the first derivative of y**3/3 + 3*y**2/2 + 4*y - 1. Let i(g) = -9*g - 105. Let m be i(-11). List the prime factors of u(m).
2, 11
Suppose -12*v + 35682 = 4206. List the prime factors of v.
43, 61
Let z = -668 - -1158. List the prime factors of z.
2, 5, 7
Suppose 7*a - 967 = 6. What are the prime factors of a?
139
Suppose 5*z + 3103 = 4*j, 0 = -5*j - 5*z + 166 + 3769. List the prime factors of j.
2, 17, 23
Let s(u) = -3*u**3 + u**2 - 32*u - 146. What are the prime factors of s(-7)?
2, 17
Let t = 4 - 4. Let x(r) = r - 4. Let g be x(t). List the prime factors of (-1)/g - (-110)/8.
2, 7
Let w = 4540 + -2997. What are the prime factors of w?
1543
Let d be (3/2)/(4/(-8)). What are the prime factors of (d - 24)*-2 - -4?
2, 29
Suppose -2*h + r = 31, 0*h - 5*r = -3*h - 29. Let f be 48/h - 4/(-6). What are the prime factors of (34 - f)/((-16)/(-24))?
2, 3
Suppose j - 1710 = -4*j - 5*f, -4*j - 3*f + 1372 = 0. Suppose -r = 3*r - 2*q - 680, -4*q = -2*r + j. List the prime factors of r.
13
Let u(x) be the first derivative of -x**3/3 + 9*x**2 - 20*x + 1. Suppose 1181 = -3*t + 1220. List the prime factors of u(t).
3, 5
Suppose -13*d - 5*w = -9*d - 1234, 0 = 4*w + 8. List the prime factors of d.
311
Suppose -2*j + 0*j + 132 = 0. Let r(g) = -6*g - 6. Let f be r(6). Let k = f + j. List the prime factors of k.
2, 3
Let o(b) = 4*b + 3. Let v be o(1). Suppose 4*s - 3*k + 6 = 0, 5*k - 11 + 1 = 3*s. Let j = v + s. List the prime factors of j.
7
Let i(c) = c**2 - 14*c + 24. Let f(x) = -2*x**2 + 27*x - 49. Let d(a) = -2*f(a) - 5*i(a). List the prime factors of d(10).
2, 19
Suppose -18 = -5*o + 32. Let l be (-5)/o - 57/(-6). Suppose -l*w + 20 = -4*w. List the prime factors of w.
2
Let q = -17 + 21. Let i be (-3 - (q + -3))/(-1). Suppose -5*u = w - 30, -w - i*u - 15 = -47. List the prime factors of w.
2, 5
Suppose -3*o - 8 = -35. Let k = 2 + 0. Suppose 0 = k*w - 3 - o. List the prime factors of w.
2, 3
Let a(j) be the third derivative of j**5/60 + j**4/12 - j**3/3 + j**2. Let q be a(-6). Let h = 38 - q. List the prime factors of h.
2
Suppose -4*o = -o - 4*l - 676, -2*o - 4*l + 464 = 0. What are the prime factors of o?
2, 3, 19
What are the prime factors of 1/6*42156/6?
1171
Let c(o) = -11*o**3 - 35*o**2 + 11*o - 11. Let k(v) = -5*v**3 - 17*v**2 + 6*v - 5. Let w(y) = -2*c(y) + 5*k(y). List the prime factors of w(-7).
5, 47
Let o = 32 - 8. List the prime factors of 3114/o - (-3)/12.
2, 5, 13
Let a be 15*-2*(-3)/(-18). Let q(s) = -s + 20. List the prime factors of q(a).
5
Let q(n) = 34*n. Let p be q(-1). Let b = -20 + 0. Let g = b - p. What are the prime factors of g?
2, 7
Let l(q) = -5*q**2 - 13*q + 1. Let t(d) = d**2 - d - 1. Let w(c) = -l(c) + 4*t(c). What are the prime factors of w(5)?
5, 53
Let v = -1 + 5. Suppose r = -v*r + 500. Suppose 0 = -2*y - 2*y + r. List the prime factors of y.
5
Suppose -507 = -p + 54. What are the prime factors of p?
3, 11, 17
Suppose 18 = 3*z - 78. Suppose -33*q + z*q = -189. List the prime factors of q.
3, 7
Suppose -2*d + 115 - 3 = 0. Suppose 3*u = -2*u - 15. Let r = d + u. List the prime factors of r.
53
Suppose d - 12 = -10. Suppose -d*y + 0*y = 4. Let n = y + 4. List the prime factors of n.
2
Let f(y) = y**3 + 3*y**2 + 14*y - 2. Let m(b) = 2*b**3 + 7*b**2 